{"id":13638,"date":"2013-06-11T11:56:54","date_gmt":"2013-06-11T10:56:54","guid":{"rendered":"https:\/\/ownetic.com\/magazyn\/wp-content\/uploads\/2013\/06\/roy-villevoy-muzeum-etnograficzne-krakow-2013-05-24-006-391x600.jpg"},"modified":"2013-06-11T11:56:54","modified_gmt":"2013-06-11T10:56:54","slug":"roy-villevoy-muzeum-etnograficzne-krakow-2013-05-24-006-391x600","status":"inherit","type":"attachment","link":"https:\/\/ownetic.com\/magazyn\/2013\/krzysztof-jurecki-szykuj-sie-fotografia-w-swiecie-mody\/roy-villevoy-muzeum-etnograficzne-krakow-2013-05-24-006-391x600","title":{"rendered":"Roy Villevoye, Maria Tonday\u00edr, Sawa, 2000, C-print ze slajdu. Dzi\u0119ki uprzejmo\u015bci Motive Gallery, Bruksela, Belgia; wystawa,  \u201eCzerwone kaliko\u201d w Muzeum Etnograficznym w Krakowie (\u017ar\u00f3d\u0142o: materia\u0142y prasowe organizatora)"},"author":183,"comment_status":"open","ping_status":"closed","template":"","meta":[],"yoast_head":"<!-- This site is optimized with the Yoast SEO plugin v18.7 - https:\/\/yoast.com\/wordpress\/plugins\/seo\/ -->\n<title>Magazyn O.pl<\/title>\n<meta name=\"description\" content=\"Magazyn O.pl wspiera aktywno\u015b\u0107 tw\u00f3rcz\u0105 poprzez om\u00f3wienia, recenzje, prezentacje, interpretacje najwa\u017cniejszych wydarze\u0144 kulturalnych\" \/>\n<meta name=\"robots\" content=\"index, follow, max-snippet:-1, max-image-preview:large, max-video-preview:-1\" \/>\n<link rel=\"canonical\" href=\"https:\/\/ownetic.com\/magazyn\/wp-content\/uploads\/2013\/06\/roy-villevoy-muzeum-etnograficzne-krakow-2013-05-24-006-391x600.jpg\" \/>\n<script type=\"application\/ld+json\" class=\"yoast-schema-graph\">{\"@context\":\"https:\/\/schema.org\",\"@graph\":[{\"@type\":\"WebSite\",\"@id\":\"https:\/\/ownetic.com\/magazyn\/#website\",\"url\":\"https:\/\/ownetic.com\/magazyn\/\",\"name\":\"Ownetic Magazine\",\"description\":\"Magazine\",\"potentialAction\":[{\"@type\":\"SearchAction\",\"target\":{\"@type\":\"EntryPoint\",\"urlTemplate\":\"https:\/\/ownetic.com\/magazyn\/?s={search_term_string}\"},\"query-input\":\"required name=search_term_string\"}],\"inLanguage\":\"pl-PL\"},{\"@type\":\"WebPage\",\"@id\":\"https:\/\/ownetic.com\/magazyn\/wp-content\/uploads\/2013\/06\/roy-villevoy-muzeum-etnograficzne-krakow-2013-05-24-006-391x600.jpg#webpage\",\"url\":\"https:\/\/ownetic.com\/magazyn\/wp-content\/uploads\/2013\/06\/roy-villevoy-muzeum-etnograficzne-krakow-2013-05-24-006-391x600.jpg\",\"name\":\"Magazyn O.pl\",\"isPartOf\":{\"@id\":\"https:\/\/ownetic.com\/magazyn\/#website\"},\"datePublished\":\"2013-06-11T10:56:54+00:00\",\"dateModified\":\"2013-06-11T10:56:54+00:00\",\"description\":\"Magazyn O.pl wspiera aktywno\u015b\u0107 tw\u00f3rcz\u0105 poprzez om\u00f3wienia, recenzje, prezentacje, interpretacje najwa\u017cniejszych wydarze\u0144 kulturalnych\",\"breadcrumb\":{\"@id\":\"https:\/\/ownetic.com\/magazyn\/wp-content\/uploads\/2013\/06\/roy-villevoy-muzeum-etnograficzne-krakow-2013-05-24-006-391x600.jpg#breadcrumb\"},\"inLanguage\":\"pl-PL\",\"potentialAction\":[{\"@type\":\"ReadAction\",\"target\":[\"https:\/\/ownetic.com\/magazyn\/wp-content\/uploads\/2013\/06\/roy-villevoy-muzeum-etnograficzne-krakow-2013-05-24-006-391x600.jpg\"]}]},{\"@type\":\"BreadcrumbList\",\"@id\":\"https:\/\/ownetic.com\/magazyn\/wp-content\/uploads\/2013\/06\/roy-villevoy-muzeum-etnograficzne-krakow-2013-05-24-006-391x600.jpg#breadcrumb\",\"itemListElement\":[{\"@type\":\"ListItem\",\"position\":1,\"name\":\"\u201eSzykuj si\u0119!\u201d. Fotografia w \u015bwiecie mody\",\"item\":\"https:\/\/ownetic.com\/magazyn\/2013\/krzysztof-jurecki-szykuj-sie-fotografia-w-swiecie-mody\"},{\"@type\":\"ListItem\",\"position\":2,\"name\":\"Roy Villevoye, Maria Tonday\u00edr, Sawa, 2000, C-print ze slajdu. Dzi\u0119ki uprzejmo\u015bci Motive Gallery, Bruksela, Belgia; wystawa, \u201eCzerwone kaliko\u201d w Muzeum Etnograficznym w Krakowie (\u017ar\u00f3d\u0142o: materia\u0142y prasowe organizatora)\"}]}]}<\/script>\n<!-- \/ Yoast SEO plugin. -->","yoast_head_json":{"title":"Magazyn O.pl","description":"Magazyn O.pl wspiera aktywno\u015b\u0107 tw\u00f3rcz\u0105 poprzez om\u00f3wienia, recenzje, prezentacje, interpretacje najwa\u017cniejszych wydarze\u0144 kulturalnych","robots":{"index":"index","follow":"follow","max-snippet":"max-snippet:-1","max-image-preview":"max-image-preview:large","max-video-preview":"max-video-preview:-1"},"canonical":"https:\/\/ownetic.com\/magazyn\/wp-content\/uploads\/2013\/06\/roy-villevoy-muzeum-etnograficzne-krakow-2013-05-24-006-391x600.jpg","schema":{"@context":"https:\/\/schema.org","@graph":[{"@type":"WebSite","@id":"https:\/\/ownetic.com\/magazyn\/#website","url":"https:\/\/ownetic.com\/magazyn\/","name":"Ownetic Magazine","description":"Magazine","potentialAction":[{"@type":"SearchAction","target":{"@type":"EntryPoint","urlTemplate":"https:\/\/ownetic.com\/magazyn\/?s={search_term_string}"},"query-input":"required name=search_term_string"}],"inLanguage":"pl-PL"},{"@type":"WebPage","@id":"https:\/\/ownetic.com\/magazyn\/wp-content\/uploads\/2013\/06\/roy-villevoy-muzeum-etnograficzne-krakow-2013-05-24-006-391x600.jpg#webpage","url":"https:\/\/ownetic.com\/magazyn\/wp-content\/uploads\/2013\/06\/roy-villevoy-muzeum-etnograficzne-krakow-2013-05-24-006-391x600.jpg","name":"Magazyn O.pl","isPartOf":{"@id":"https:\/\/ownetic.com\/magazyn\/#website"},"datePublished":"2013-06-11T10:56:54+00:00","dateModified":"2013-06-11T10:56:54+00:00","description":"Magazyn O.pl wspiera aktywno\u015b\u0107 tw\u00f3rcz\u0105 poprzez om\u00f3wienia, recenzje, prezentacje, interpretacje najwa\u017cniejszych wydarze\u0144 kulturalnych","breadcrumb":{"@id":"https:\/\/ownetic.com\/magazyn\/wp-content\/uploads\/2013\/06\/roy-villevoy-muzeum-etnograficzne-krakow-2013-05-24-006-391x600.jpg#breadcrumb"},"inLanguage":"pl-PL","potentialAction":[{"@type":"ReadAction","target":["https:\/\/ownetic.com\/magazyn\/wp-content\/uploads\/2013\/06\/roy-villevoy-muzeum-etnograficzne-krakow-2013-05-24-006-391x600.jpg"]}]},{"@type":"BreadcrumbList","@id":"https:\/\/ownetic.com\/magazyn\/wp-content\/uploads\/2013\/06\/roy-villevoy-muzeum-etnograficzne-krakow-2013-05-24-006-391x600.jpg#breadcrumb","itemListElement":[{"@type":"ListItem","position":1,"name":"\u201eSzykuj si\u0119!\u201d. Fotografia w \u015bwiecie mody","item":"https:\/\/ownetic.com\/magazyn\/2013\/krzysztof-jurecki-szykuj-sie-fotografia-w-swiecie-mody"},{"@type":"ListItem","position":2,"name":"Roy Villevoye, Maria Tonday\u00edr, Sawa, 2000, C-print ze slajdu. Dzi\u0119ki uprzejmo\u015bci Motive Gallery, Bruksela, Belgia; wystawa, \u201eCzerwone kaliko\u201d w Muzeum Etnograficznym w Krakowie (\u017ar\u00f3d\u0142o: materia\u0142y prasowe organizatora)"}]}]}},"description":{"rendered":"<p class=\"attachment\"><a href='https:\/\/ownetic.com\/magazyn\/wp-content\/uploads\/2013\/06\/roy-villevoy-muzeum-etnograficzne-krakow-2013-05-24-006-391x600.jpg'><img width=\"391\" height=\"600\" src=\"https:\/\/ownetic.com\/magazyn\/wp-content\/uploads\/2013\/06\/roy-villevoy-muzeum-etnograficzne-krakow-2013-05-24-006-391x600.jpg\" class=\"attachment-medium size-medium\" alt=\"Roy Villevoye, Maria Tonday\u00edr, Sawa, 2000, C-print ze slajdu. Dzi\u0119ki uprzejmo\u015bci Motive Gallery, Bruksela, Belgia; wystawa, \u201eCzerwone kaliko\u201d w Muzeum Etnograficznym w Krakowie (\u017ar\u00f3d\u0142o: materia\u0142y prasowe organizatora)\" loading=\"lazy\" \/><\/a><\/p>\n"},"caption":{"rendered":"<p>Roy Villevoye, Maria Tonday\u00edr, Sawa, 2000, C-print ze slajdu. Dzi\u0119ki uprzejmo\u015bci Motive Gallery, Bruksela, Belgia; wystawa,  \u201eCzerwone kaliko\u201d w Muzeum Etnograficznym w Krakowie (\u017ar\u00f3d\u0142o: materia\u0142y prasowe organizatora)<\/p>\n"},"alt_text":"Roy Villevoye, Maria Tonday\u00edr, Sawa, 2000, C-print ze slajdu. Dzi\u0119ki uprzejmo\u015bci Motive Gallery, Bruksela, Belgia; wystawa, \u201eCzerwone kaliko\u201d w Muzeum Etnograficznym w Krakowie (\u017ar\u00f3d\u0142o: materia\u0142y prasowe organizatora)","media_type":"image","mime_type":"image\/jpeg","media_details":{"width":"391","height":"600","hwstring_small":"height='96' width='62'","file":"2013\/06\/roy-villevoy-muzeum-etnograficzne-krakow-2013-05-24-006-391x600.jpg","image_meta":{"aperture":"0","credit":"","camera":"","caption":"","created_timestamp":"0","copyright":"","focal_length":"0","iso":"0","shutter_speed":"0","title":""},"sizes":{}},"post":13616,"source_url":"https:\/\/ownetic.com\/magazyn\/wp-content\/uploads\/2013\/06\/roy-villevoy-muzeum-etnograficzne-krakow-2013-05-24-006-391x600.jpg","_links":{"self":[{"href":"https:\/\/ownetic.com\/magazyn\/wp-json\/wp\/v2\/media\/13638"}],"collection":[{"href":"https:\/\/ownetic.com\/magazyn\/wp-json\/wp\/v2\/media"}],"about":[{"href":"https:\/\/ownetic.com\/magazyn\/wp-json\/wp\/v2\/types\/attachment"}],"author":[{"embeddable":true,"href":"https:\/\/ownetic.com\/magazyn\/wp-json\/wp\/v2\/users\/183"}],"replies":[{"embeddable":true,"href":"https:\/\/ownetic.com\/magazyn\/wp-json\/wp\/v2\/comments?post=13638"}]}}

Roy Villevoye, Maria Tondayír, Sawa, 2000, C-print ze slajdu. Dzięki uprzejmości Motive Gallery, Bruksela, Belgia; wystawa,  „Czerwone kaliko” w Muzeum Etnograficznym w Krakowie (źródło: materiały prasowe organizatora)

<!-- This site is optimized with the Yoast SEO plugin v18.7 - https://yoast.com/wordpress/plugins/seo/ -->
<title>Magazyn O.pl</title>
<meta name="description" content="Magazyn O.pl wspiera aktywność twórczą poprzez omówienia, recenzje, prezentacje, interpretacje najważniejszych wydarzeń kulturalnych" />
<meta name="robots" content="index, follow, max-snippet:-1, max-image-preview:large, max-video-preview:-1" />
<link rel="canonical" href="https://ownetic.com/magazyn/wp-content/uploads/2013/06/roy-villevoy-muzeum-etnograficzne-krakow-2013-05-24-006-391x600.jpg" />
<script type="application/ld+json" class="yoast-schema-graph">{"@context":"https://schema.org","@graph":[{"@type":"WebSite","@id":"https://ownetic.com/magazyn/#website","url":"https://ownetic.com/magazyn/","name":"Ownetic Magazine","description":"Magazine","potentialAction":[{"@type":"SearchAction","target":{"@type":"EntryPoint","urlTemplate":"https://ownetic.com/magazyn/?s={search_term_string}"},"query-input":"required name=search_term_string"}],"inLanguage":"pl-PL"},{"@type":"WebPage","@id":"https://ownetic.com/magazyn/wp-content/uploads/2013/06/roy-villevoy-muzeum-etnograficzne-krakow-2013-05-24-006-391x600.jpg#webpage","url":"https://ownetic.com/magazyn/wp-content/uploads/2013/06/roy-villevoy-muzeum-etnograficzne-krakow-2013-05-24-006-391x600.jpg","name":"Magazyn O.pl","isPartOf":{"@id":"https://ownetic.com/magazyn/#website"},"datePublished":"2013-06-11T10:56:54+00:00","dateModified":"2013-06-11T10:56:54+00:00","description":"Magazyn O.pl wspiera aktywność twórczą poprzez omówienia, recenzje, prezentacje, interpretacje najważniejszych wydarzeń kulturalnych","breadcrumb":{"@id":"https://ownetic.com/magazyn/wp-content/uploads/2013/06/roy-villevoy-muzeum-etnograficzne-krakow-2013-05-24-006-391x600.jpg#breadcrumb"},"inLanguage":"pl-PL","potentialAction":[{"@type":"ReadAction","target":["https://ownetic.com/magazyn/wp-content/uploads/2013/06/roy-villevoy-muzeum-etnograficzne-krakow-2013-05-24-006-391x600.jpg"]}]},{"@type":"BreadcrumbList","@id":"https://ownetic.com/magazyn/wp-content/uploads/2013/06/roy-villevoy-muzeum-etnograficzne-krakow-2013-05-24-006-391x600.jpg#breadcrumb","itemListElement":[{"@type":"ListItem","position":1,"name":"„Szykuj się!”. Fotografia w świecie mody","item":"https://ownetic.com/magazyn/2013/krzysztof-jurecki-szykuj-sie-fotografia-w-swiecie-mody"},{"@type":"ListItem","position":2,"name":"Roy Villevoye, Maria Tondayír, Sawa, 2000, C-print ze slajdu. Dzięki uprzejmości Motive Gallery, Bruksela, Belgia; wystawa, „Czerwone kaliko” w Muzeum Etnograficznym w Krakowie (źródło: materiały prasowe organizatora)"}]}]}</script>
<!-- / Yoast SEO plugin. -->

Magazyn O.pl wspiera aktywność twórczą poprzez omówienia, recenzje, prezentacje, interpretacje najważniejszych wydarzeń kulturalnych

„Szykuj się!”. Fotografia w świecie mody

Roy Villevoye, Maria Tondayír, Sawa, 2000, C-print ze slajdu. Dzięki uprzejmości Motive Gallery, Bruksela, Belgia; wystawa, „Czerwone kaliko” w Muzeum Etnograficznym w Krakowie (źródło: materiały prasowe organizatora)

<p class="attachment"><a href='https://ownetic.com/magazyn/wp-content/uploads/2013/06/roy-villevoy-muzeum-etnograficzne-krakow-2013-05-24-006-391x600.jpg'><img width="391" height="600" src="https://ownetic.com/magazyn/wp-content/uploads/2013/06/roy-villevoy-muzeum-etnograficzne-krakow-2013-05-24-006-391x600.jpg" class="attachment-medium size-medium" alt="Roy Villevoye, Maria Tondayír, Sawa, 2000, C-print ze slajdu. Dzięki uprzejmości Motive Gallery, Bruksela, Belgia; wystawa, „Czerwone kaliko” w Muzeum Etnograficznym w Krakowie (źródło: materiały prasowe organizatora)" loading="lazy" /></a></p>

<p>Roy Villevoye, Maria Tondayír, Sawa, 2000, C-print ze slajdu. Dzięki uprzejmości Motive Gallery, Bruksela, Belgia; wystawa,  „Czerwone kaliko” w Muzeum Etnograficznym w Krakowie (źródło: materiały prasowe organizatora)</p>
