{"id":16944,"date":"2013-11-29T13:21:07","date_gmt":"2013-11-29T12:21:07","guid":{"rendered":"https:\/\/ownetic.com\/magazyn\/wp-content\/uploads\/2013\/11\/romuald-kutera-odryka-ukrzeslowiona-2011-2013-11-29.jpg"},"modified":"2013-11-29T13:21:07","modified_gmt":"2013-11-29T12:21:07","slug":"romuald-kutera-odryka-ukrzeslowiona-2011-2013-11-29","status":"inherit","type":"attachment","link":"https:\/\/ownetic.com\/magazyn\/2013\/anna-romuald-kutera-dostrzec-niedostrzegalne\/romuald-kutera-odryka-ukrzeslowiona-2011-2013-11-29","title":{"rendered":"Romuald Kutera, \u201eOdryka ukrzes\u0142owiona\u201d, 2011, c-print, dzi\u0119ki uprzejmo\u015bci artysty"},"author":216,"comment_status":"open","ping_status":"closed","template":"","meta":[],"yoast_head":"<!-- This site is optimized with the Yoast SEO plugin v18.7 - https:\/\/yoast.com\/wordpress\/plugins\/seo\/ -->\n<title>Magazyn O.pl<\/title>\n<meta name=\"description\" content=\"Magazyn O.pl wspiera aktywno\u015b\u0107 tw\u00f3rcz\u0105 poprzez om\u00f3wienia, recenzje, prezentacje, interpretacje najwa\u017cniejszych wydarze\u0144 kulturalnych\" \/>\n<meta name=\"robots\" content=\"index, follow, max-snippet:-1, max-image-preview:large, max-video-preview:-1\" \/>\n<link rel=\"canonical\" href=\"https:\/\/ownetic.com\/magazyn\/wp-content\/uploads\/2013\/11\/romuald-kutera-odryka-ukrzeslowiona-2011-2013-11-29.jpg\" \/>\n<script type=\"application\/ld+json\" class=\"yoast-schema-graph\">{\"@context\":\"https:\/\/schema.org\",\"@graph\":[{\"@type\":\"WebSite\",\"@id\":\"https:\/\/ownetic.com\/magazyn\/#website\",\"url\":\"https:\/\/ownetic.com\/magazyn\/\",\"name\":\"Ownetic Magazine\",\"description\":\"Magazine\",\"potentialAction\":[{\"@type\":\"SearchAction\",\"target\":{\"@type\":\"EntryPoint\",\"urlTemplate\":\"https:\/\/ownetic.com\/magazyn\/?s={search_term_string}\"},\"query-input\":\"required name=search_term_string\"}],\"inLanguage\":\"pl-PL\"},{\"@type\":\"WebPage\",\"@id\":\"https:\/\/ownetic.com\/magazyn\/wp-content\/uploads\/2013\/11\/romuald-kutera-odryka-ukrzeslowiona-2011-2013-11-29.jpg#webpage\",\"url\":\"https:\/\/ownetic.com\/magazyn\/wp-content\/uploads\/2013\/11\/romuald-kutera-odryka-ukrzeslowiona-2011-2013-11-29.jpg\",\"name\":\"Magazyn O.pl\",\"isPartOf\":{\"@id\":\"https:\/\/ownetic.com\/magazyn\/#website\"},\"datePublished\":\"2013-11-29T12:21:07+00:00\",\"dateModified\":\"2013-11-29T12:21:07+00:00\",\"description\":\"Magazyn O.pl wspiera aktywno\u015b\u0107 tw\u00f3rcz\u0105 poprzez om\u00f3wienia, recenzje, prezentacje, interpretacje najwa\u017cniejszych wydarze\u0144 kulturalnych\",\"breadcrumb\":{\"@id\":\"https:\/\/ownetic.com\/magazyn\/wp-content\/uploads\/2013\/11\/romuald-kutera-odryka-ukrzeslowiona-2011-2013-11-29.jpg#breadcrumb\"},\"inLanguage\":\"pl-PL\",\"potentialAction\":[{\"@type\":\"ReadAction\",\"target\":[\"https:\/\/ownetic.com\/magazyn\/wp-content\/uploads\/2013\/11\/romuald-kutera-odryka-ukrzeslowiona-2011-2013-11-29.jpg\"]}]},{\"@type\":\"BreadcrumbList\",\"@id\":\"https:\/\/ownetic.com\/magazyn\/wp-content\/uploads\/2013\/11\/romuald-kutera-odryka-ukrzeslowiona-2011-2013-11-29.jpg#breadcrumb\",\"itemListElement\":[{\"@type\":\"ListItem\",\"position\":1,\"name\":\"Dostrzec niedostrzegalne\",\"item\":\"https:\/\/ownetic.com\/magazyn\/2013\/anna-romuald-kutera-dostrzec-niedostrzegalne\"},{\"@type\":\"ListItem\",\"position\":2,\"name\":\"Romuald Kutera, \u201eOdryka ukrzes\u0142owiona\u201d, 2011, c-print, dzi\u0119ki uprzejmo\u015bci artysty\"}]}]}<\/script>\n<!-- \/ Yoast SEO plugin. -->","yoast_head_json":{"title":"Magazyn O.pl","description":"Magazyn O.pl wspiera aktywno\u015b\u0107 tw\u00f3rcz\u0105 poprzez om\u00f3wienia, recenzje, prezentacje, interpretacje najwa\u017cniejszych wydarze\u0144 kulturalnych","robots":{"index":"index","follow":"follow","max-snippet":"max-snippet:-1","max-image-preview":"max-image-preview:large","max-video-preview":"max-video-preview:-1"},"canonical":"https:\/\/ownetic.com\/magazyn\/wp-content\/uploads\/2013\/11\/romuald-kutera-odryka-ukrzeslowiona-2011-2013-11-29.jpg","schema":{"@context":"https:\/\/schema.org","@graph":[{"@type":"WebSite","@id":"https:\/\/ownetic.com\/magazyn\/#website","url":"https:\/\/ownetic.com\/magazyn\/","name":"Ownetic Magazine","description":"Magazine","potentialAction":[{"@type":"SearchAction","target":{"@type":"EntryPoint","urlTemplate":"https:\/\/ownetic.com\/magazyn\/?s={search_term_string}"},"query-input":"required name=search_term_string"}],"inLanguage":"pl-PL"},{"@type":"WebPage","@id":"https:\/\/ownetic.com\/magazyn\/wp-content\/uploads\/2013\/11\/romuald-kutera-odryka-ukrzeslowiona-2011-2013-11-29.jpg#webpage","url":"https:\/\/ownetic.com\/magazyn\/wp-content\/uploads\/2013\/11\/romuald-kutera-odryka-ukrzeslowiona-2011-2013-11-29.jpg","name":"Magazyn O.pl","isPartOf":{"@id":"https:\/\/ownetic.com\/magazyn\/#website"},"datePublished":"2013-11-29T12:21:07+00:00","dateModified":"2013-11-29T12:21:07+00:00","description":"Magazyn O.pl wspiera aktywno\u015b\u0107 tw\u00f3rcz\u0105 poprzez om\u00f3wienia, recenzje, prezentacje, interpretacje najwa\u017cniejszych wydarze\u0144 kulturalnych","breadcrumb":{"@id":"https:\/\/ownetic.com\/magazyn\/wp-content\/uploads\/2013\/11\/romuald-kutera-odryka-ukrzeslowiona-2011-2013-11-29.jpg#breadcrumb"},"inLanguage":"pl-PL","potentialAction":[{"@type":"ReadAction","target":["https:\/\/ownetic.com\/magazyn\/wp-content\/uploads\/2013\/11\/romuald-kutera-odryka-ukrzeslowiona-2011-2013-11-29.jpg"]}]},{"@type":"BreadcrumbList","@id":"https:\/\/ownetic.com\/magazyn\/wp-content\/uploads\/2013\/11\/romuald-kutera-odryka-ukrzeslowiona-2011-2013-11-29.jpg#breadcrumb","itemListElement":[{"@type":"ListItem","position":1,"name":"Dostrzec niedostrzegalne","item":"https:\/\/ownetic.com\/magazyn\/2013\/anna-romuald-kutera-dostrzec-niedostrzegalne"},{"@type":"ListItem","position":2,"name":"Romuald Kutera, \u201eOdryka ukrzes\u0142owiona\u201d, 2011, c-print, dzi\u0119ki uprzejmo\u015bci artysty"}]}]}},"description":{"rendered":"<p class=\"attachment\"><a href='https:\/\/ownetic.com\/magazyn\/wp-content\/uploads\/2013\/11\/romuald-kutera-odryka-ukrzeslowiona-2011-2013-11-29.jpg'><img width=\"540\" height=\"359\" src=\"https:\/\/ownetic.com\/magazyn\/wp-content\/uploads\/2013\/11\/romuald-kutera-odryka-ukrzeslowiona-2011-2013-11-29-540x359.jpg\" class=\"attachment-medium size-medium\" alt=\"Romuald Kutera, \u201eOdryka ukrzes\u0142owiona\u201d, 2011, c-print, dzi\u0119ki uprzejmo\u015bci artysty\" loading=\"lazy\" srcset=\"https:\/\/ownetic.com\/magazyn\/wp-content\/uploads\/2013\/11\/romuald-kutera-odryka-ukrzeslowiona-2011-2013-11-29-540x359.jpg 540w, https:\/\/ownetic.com\/magazyn\/wp-content\/uploads\/2013\/11\/romuald-kutera-odryka-ukrzeslowiona-2011-2013-11-29-900x598.jpg 900w, https:\/\/ownetic.com\/magazyn\/wp-content\/uploads\/2013\/11\/romuald-kutera-odryka-ukrzeslowiona-2011-2013-11-29-576x383.jpg 576w, https:\/\/ownetic.com\/magazyn\/wp-content\/uploads\/2013\/11\/romuald-kutera-odryka-ukrzeslowiona-2011-2013-11-29.jpg 1003w\" sizes=\"(max-width: 540px) 100vw, 540px\" \/><\/a><\/p>\n"},"caption":{"rendered":"<p>Romuald Kutera, \u201eOdryka ukrzes\u0142owiona\u201d, 2011, c-print, dzi\u0119ki uprzejmo\u015bci artysty<\/p>\n"},"alt_text":"Romuald Kutera, \u201eOdryka ukrzes\u0142owiona\u201d, 2011, c-print, dzi\u0119ki uprzejmo\u015bci artysty","media_type":"image","mime_type":"image\/jpeg","media_details":{"width":"1003","height":"667","hwstring_small":"height='85' width='128'","file":"2013\/11\/romuald-kutera-odryka-ukrzeslowiona-2011-2013-11-29.jpg","sizes":{"thumbnail":{"file":"romuald-kutera-odryka-ukrzeslowiona-2011-2013-11-29-80x80.jpg","width":"80","height":"80","source_url":"https:\/\/ownetic.com\/magazyn\/wp-content\/uploads\/2013\/11\/romuald-kutera-odryka-ukrzeslowiona-2011-2013-11-29-80x80.jpg"},"medium":{"file":"romuald-kutera-odryka-ukrzeslowiona-2011-2013-11-29-540x359.jpg","width":"540","height":"359","source_url":"https:\/\/ownetic.com\/magazyn\/wp-content\/uploads\/2013\/11\/romuald-kutera-odryka-ukrzeslowiona-2011-2013-11-29-540x359.jpg"},"large":{"file":"romuald-kutera-odryka-ukrzeslowiona-2011-2013-11-29-900x598.jpg","width":"900","height":"598","source_url":"https:\/\/ownetic.com\/magazyn\/wp-content\/uploads\/2013\/11\/romuald-kutera-odryka-ukrzeslowiona-2011-2013-11-29-900x598.jpg"},"post-thumbnail":{"file":"romuald-kutera-odryka-ukrzeslowiona-2011-2013-11-29-262x72.jpg","width":"262","height":"72","source_url":"https:\/\/ownetic.com\/magazyn\/wp-content\/uploads\/2013\/11\/romuald-kutera-odryka-ukrzeslowiona-2011-2013-11-29-262x72.jpg"},"single-post-thumbnail":{"file":"romuald-kutera-odryka-ukrzeslowiona-2011-2013-11-29-576x383.jpg","width":"576","height":"383","source_url":"https:\/\/ownetic.com\/magazyn\/wp-content\/uploads\/2013\/11\/romuald-kutera-odryka-ukrzeslowiona-2011-2013-11-29-576x383.jpg"},"full":{"file":"romuald-kutera-odryka-ukrzeslowiona-2011-2013-11-29.jpg","width":1003,"height":667,"mime_type":"image\/jpeg","source_url":"https:\/\/ownetic.com\/magazyn\/wp-content\/uploads\/2013\/11\/romuald-kutera-odryka-ukrzeslowiona-2011-2013-11-29.jpg"}},"image_meta":{"aperture":"0","credit":"","camera":"NIKON D70s","caption":"","created_timestamp":"1312066243","copyright":"","focal_length":"0","iso":"0","shutter_speed":"15","title":""}},"post":16941,"source_url":"https:\/\/ownetic.com\/magazyn\/wp-content\/uploads\/2013\/11\/romuald-kutera-odryka-ukrzeslowiona-2011-2013-11-29.jpg","_links":{"self":[{"href":"https:\/\/ownetic.com\/magazyn\/wp-json\/wp\/v2\/media\/16944"}],"collection":[{"href":"https:\/\/ownetic.com\/magazyn\/wp-json\/wp\/v2\/media"}],"about":[{"href":"https:\/\/ownetic.com\/magazyn\/wp-json\/wp\/v2\/types\/attachment"}],"author":[{"embeddable":true,"href":"https:\/\/ownetic.com\/magazyn\/wp-json\/wp\/v2\/users\/216"}],"replies":[{"embeddable":true,"href":"https:\/\/ownetic.com\/magazyn\/wp-json\/wp\/v2\/comments?post=16944"}]}}

Romuald Kutera, „Odryka ukrzesłowiona”, 2011, c-print, dzięki uprzejmości artysty

<!-- This site is optimized with the Yoast SEO plugin v18.7 - https://yoast.com/wordpress/plugins/seo/ -->
<title>Magazyn O.pl</title>
<meta name="description" content="Magazyn O.pl wspiera aktywność twórczą poprzez omówienia, recenzje, prezentacje, interpretacje najważniejszych wydarzeń kulturalnych" />
<meta name="robots" content="index, follow, max-snippet:-1, max-image-preview:large, max-video-preview:-1" />
<link rel="canonical" href="https://ownetic.com/magazyn/wp-content/uploads/2013/11/romuald-kutera-odryka-ukrzeslowiona-2011-2013-11-29.jpg" />
<script type="application/ld+json" class="yoast-schema-graph">{"@context":"https://schema.org","@graph":[{"@type":"WebSite","@id":"https://ownetic.com/magazyn/#website","url":"https://ownetic.com/magazyn/","name":"Ownetic Magazine","description":"Magazine","potentialAction":[{"@type":"SearchAction","target":{"@type":"EntryPoint","urlTemplate":"https://ownetic.com/magazyn/?s={search_term_string}"},"query-input":"required name=search_term_string"}],"inLanguage":"pl-PL"},{"@type":"WebPage","@id":"https://ownetic.com/magazyn/wp-content/uploads/2013/11/romuald-kutera-odryka-ukrzeslowiona-2011-2013-11-29.jpg#webpage","url":"https://ownetic.com/magazyn/wp-content/uploads/2013/11/romuald-kutera-odryka-ukrzeslowiona-2011-2013-11-29.jpg","name":"Magazyn O.pl","isPartOf":{"@id":"https://ownetic.com/magazyn/#website"},"datePublished":"2013-11-29T12:21:07+00:00","dateModified":"2013-11-29T12:21:07+00:00","description":"Magazyn O.pl wspiera aktywność twórczą poprzez omówienia, recenzje, prezentacje, interpretacje najważniejszych wydarzeń kulturalnych","breadcrumb":{"@id":"https://ownetic.com/magazyn/wp-content/uploads/2013/11/romuald-kutera-odryka-ukrzeslowiona-2011-2013-11-29.jpg#breadcrumb"},"inLanguage":"pl-PL","potentialAction":[{"@type":"ReadAction","target":["https://ownetic.com/magazyn/wp-content/uploads/2013/11/romuald-kutera-odryka-ukrzeslowiona-2011-2013-11-29.jpg"]}]},{"@type":"BreadcrumbList","@id":"https://ownetic.com/magazyn/wp-content/uploads/2013/11/romuald-kutera-odryka-ukrzeslowiona-2011-2013-11-29.jpg#breadcrumb","itemListElement":[{"@type":"ListItem","position":1,"name":"Dostrzec niedostrzegalne","item":"https://ownetic.com/magazyn/2013/anna-romuald-kutera-dostrzec-niedostrzegalne"},{"@type":"ListItem","position":2,"name":"Romuald Kutera, „Odryka ukrzesłowiona”, 2011, c-print, dzięki uprzejmości artysty"}]}]}</script>
<!-- / Yoast SEO plugin. -->

Magazyn O.pl wspiera aktywność twórczą poprzez omówienia, recenzje, prezentacje, interpretacje najważniejszych wydarzeń kulturalnych

<p class="attachment"><a href='https://ownetic.com/magazyn/wp-content/uploads/2013/11/romuald-kutera-odryka-ukrzeslowiona-2011-2013-11-29.jpg'><img width="540" height="359" src="https://ownetic.com/magazyn/wp-content/uploads/2013/11/romuald-kutera-odryka-ukrzeslowiona-2011-2013-11-29-540x359.jpg" class="attachment-medium size-medium" alt="Romuald Kutera, „Odryka ukrzesłowiona”, 2011, c-print, dzięki uprzejmości artysty" loading="lazy" srcset="https://ownetic.com/magazyn/wp-content/uploads/2013/11/romuald-kutera-odryka-ukrzeslowiona-2011-2013-11-29-540x359.jpg 540w, https://ownetic.com/magazyn/wp-content/uploads/2013/11/romuald-kutera-odryka-ukrzeslowiona-2011-2013-11-29-900x598.jpg 900w, https://ownetic.com/magazyn/wp-content/uploads/2013/11/romuald-kutera-odryka-ukrzeslowiona-2011-2013-11-29-576x383.jpg 576w, https://ownetic.com/magazyn/wp-content/uploads/2013/11/romuald-kutera-odryka-ukrzeslowiona-2011-2013-11-29.jpg 1003w" sizes="(max-width: 540px) 100vw, 540px" /></a></p>

<p>Romuald Kutera, „Odryka ukrzesłowiona”, 2011, c-print, dzięki uprzejmości artysty</p>
