{"id":10770,"date":"2010-09-29T15:11:58","date_gmt":"2010-09-29T14:11:58","guid":{"rendered":"https:\/\/ownetic.com\/wydarzenia\/wp-content\/uploads\/2010\/09\/warszawski-festiwal-filmowy-7-days.jpeg"},"modified":"2010-09-29T15:11:58","modified_gmt":"2010-09-29T14:11:58","slug":"warszawski-festiwal-filmowy-7-days","status":"inherit","type":"attachment","link":"https:\/\/ownetic.com\/wydarzenia\/2010\/10\/26-warszawski-festiwal-filmowy\/warszawski-festiwal-filmowy-7-days\/","title":{"rendered":"Kadr z filmu &#8220;7 days&#8221;"},"author":34,"comment_status":"open","ping_status":"closed","template":"","meta":[],"yoast_head":"<!-- This site is optimized with the Yoast SEO plugin v18.7 - https:\/\/yoast.com\/wordpress\/plugins\/seo\/ -->\n<title>Wydarzenia O.pl<\/title>\n<meta name=\"description\" content=\"Serwis Wydarzenia O.pl to przestrze\u0144 prezentacji najwa\u017cniejszych wydarze\u0144 z takich dziedzin, jak: sztuka, design, fotografia, film, muzyka, teatr, literatura, historia, taniec, architektura\" \/>\n<meta name=\"robots\" content=\"index, follow, max-snippet:-1, max-image-preview:large, max-video-preview:-1\" \/>\n<link rel=\"canonical\" href=\"https:\/\/ownetic.com\/wydarzenia\/wp-content\/uploads\/2010\/09\/warszawski-festiwal-filmowy-7-days.jpeg\" \/>\n<meta name=\"twitter:card\" content=\"summary_large_image\" \/>\n<meta name=\"twitter:title\" content=\"Wydarzenia O.pl\" \/>\n<meta name=\"twitter:description\" content=\"Serwis Wydarzenia O.pl to przestrze\u0144 prezentacji najwa\u017cniejszych wydarze\u0144 z takich dziedzin, jak: sztuka, design, fotografia, film, muzyka, teatr, literatura, historia, taniec, architektura\" \/>\n<meta name=\"twitter:image\" content=\"https:\/\/ownetic.com\/wydarzenia\/wp-content\/uploads\/2010\/09\/warszawski-festiwal-filmowy-7-days.jpeg\" \/>\n<script type=\"application\/ld+json\" class=\"yoast-schema-graph\">{\"@context\":\"https:\/\/schema.org\",\"@graph\":[{\"@type\":\"WebSite\",\"@id\":\"https:\/\/ownetic.com\/wydarzenia\/#website\",\"url\":\"https:\/\/ownetic.com\/wydarzenia\/\",\"name\":\"Wydarzenia O.pl\",\"description\":\"Przestrze\u0144 prezentacji najwa\u017cniejszych wydarze\u0144 z takich dziedzin, jak: sztuka, design, fotografia, film, muzyka, teatr, literatura, historia, taniec, architektura\",\"potentialAction\":[{\"@type\":\"SearchAction\",\"target\":{\"@type\":\"EntryPoint\",\"urlTemplate\":\"https:\/\/ownetic.com\/wydarzenia\/?s={search_term_string}\"},\"query-input\":\"required name=search_term_string\"}],\"inLanguage\":\"pl-PL\"},{\"@type\":\"WebPage\",\"@id\":\"https:\/\/ownetic.com\/wydarzenia\/wp-content\/uploads\/2010\/09\/warszawski-festiwal-filmowy-7-days.jpeg#webpage\",\"url\":\"https:\/\/ownetic.com\/wydarzenia\/wp-content\/uploads\/2010\/09\/warszawski-festiwal-filmowy-7-days.jpeg\",\"name\":\"Wydarzenia O.pl\",\"isPartOf\":{\"@id\":\"https:\/\/ownetic.com\/wydarzenia\/#website\"},\"datePublished\":\"2010-09-29T14:11:58+00:00\",\"dateModified\":\"2010-09-29T14:11:58+00:00\",\"description\":\"Serwis Wydarzenia O.pl to przestrze\u0144 prezentacji najwa\u017cniejszych wydarze\u0144 z takich dziedzin, jak: sztuka, design, fotografia, film, muzyka, teatr, literatura, historia, taniec, architektura\",\"breadcrumb\":{\"@id\":\"https:\/\/ownetic.com\/wydarzenia\/wp-content\/uploads\/2010\/09\/warszawski-festiwal-filmowy-7-days.jpeg#breadcrumb\"},\"inLanguage\":\"pl-PL\",\"potentialAction\":[{\"@type\":\"ReadAction\",\"target\":[\"https:\/\/ownetic.com\/wydarzenia\/wp-content\/uploads\/2010\/09\/warszawski-festiwal-filmowy-7-days.jpeg\"]}]},{\"@type\":\"BreadcrumbList\",\"@id\":\"https:\/\/ownetic.com\/wydarzenia\/wp-content\/uploads\/2010\/09\/warszawski-festiwal-filmowy-7-days.jpeg#breadcrumb\",\"itemListElement\":[{\"@type\":\"ListItem\",\"position\":1,\"name\":\"Strona g\u0142\u00f3wna\",\"item\":\"https:\/\/ownetic.com\/wydarzenia\/\"},{\"@type\":\"ListItem\",\"position\":2,\"name\":\"26. Warszawski Festiwal Filmowy\",\"item\":\"https:\/\/ownetic.com\/wydarzenia\/2010\/10\/26-warszawski-festiwal-filmowy\/\"},{\"@type\":\"ListItem\",\"position\":3,\"name\":\"Kadr z filmu &#8220;7 days&#8221;\"}]}]}<\/script>\n<!-- \/ Yoast SEO plugin. -->","yoast_head_json":{"title":"Wydarzenia O.pl","description":"Serwis Wydarzenia O.pl to przestrze\u0144 prezentacji najwa\u017cniejszych wydarze\u0144 z takich dziedzin, jak: sztuka, design, fotografia, film, muzyka, teatr, literatura, historia, taniec, architektura","robots":{"index":"index","follow":"follow","max-snippet":"max-snippet:-1","max-image-preview":"max-image-preview:large","max-video-preview":"max-video-preview:-1"},"canonical":"https:\/\/ownetic.com\/wydarzenia\/wp-content\/uploads\/2010\/09\/warszawski-festiwal-filmowy-7-days.jpeg","twitter_card":"summary_large_image","twitter_title":"Wydarzenia O.pl","twitter_description":"Serwis Wydarzenia O.pl to przestrze\u0144 prezentacji najwa\u017cniejszych wydarze\u0144 z takich dziedzin, jak: sztuka, design, fotografia, film, muzyka, teatr, literatura, historia, taniec, architektura","twitter_image":"https:\/\/ownetic.com\/wydarzenia\/wp-content\/uploads\/2010\/09\/warszawski-festiwal-filmowy-7-days.jpeg","schema":{"@context":"https:\/\/schema.org","@graph":[{"@type":"WebSite","@id":"https:\/\/ownetic.com\/wydarzenia\/#website","url":"https:\/\/ownetic.com\/wydarzenia\/","name":"Wydarzenia O.pl","description":"Przestrze\u0144 prezentacji najwa\u017cniejszych wydarze\u0144 z takich dziedzin, jak: sztuka, design, fotografia, film, muzyka, teatr, literatura, historia, taniec, architektura","potentialAction":[{"@type":"SearchAction","target":{"@type":"EntryPoint","urlTemplate":"https:\/\/ownetic.com\/wydarzenia\/?s={search_term_string}"},"query-input":"required name=search_term_string"}],"inLanguage":"pl-PL"},{"@type":"WebPage","@id":"https:\/\/ownetic.com\/wydarzenia\/wp-content\/uploads\/2010\/09\/warszawski-festiwal-filmowy-7-days.jpeg#webpage","url":"https:\/\/ownetic.com\/wydarzenia\/wp-content\/uploads\/2010\/09\/warszawski-festiwal-filmowy-7-days.jpeg","name":"Wydarzenia O.pl","isPartOf":{"@id":"https:\/\/ownetic.com\/wydarzenia\/#website"},"datePublished":"2010-09-29T14:11:58+00:00","dateModified":"2010-09-29T14:11:58+00:00","description":"Serwis Wydarzenia O.pl to przestrze\u0144 prezentacji najwa\u017cniejszych wydarze\u0144 z takich dziedzin, jak: sztuka, design, fotografia, film, muzyka, teatr, literatura, historia, taniec, architektura","breadcrumb":{"@id":"https:\/\/ownetic.com\/wydarzenia\/wp-content\/uploads\/2010\/09\/warszawski-festiwal-filmowy-7-days.jpeg#breadcrumb"},"inLanguage":"pl-PL","potentialAction":[{"@type":"ReadAction","target":["https:\/\/ownetic.com\/wydarzenia\/wp-content\/uploads\/2010\/09\/warszawski-festiwal-filmowy-7-days.jpeg"]}]},{"@type":"BreadcrumbList","@id":"https:\/\/ownetic.com\/wydarzenia\/wp-content\/uploads\/2010\/09\/warszawski-festiwal-filmowy-7-days.jpeg#breadcrumb","itemListElement":[{"@type":"ListItem","position":1,"name":"Strona g\u0142\u00f3wna","item":"https:\/\/ownetic.com\/wydarzenia\/"},{"@type":"ListItem","position":2,"name":"26. Warszawski Festiwal Filmowy","item":"https:\/\/ownetic.com\/wydarzenia\/2010\/10\/26-warszawski-festiwal-filmowy\/"},{"@type":"ListItem","position":3,"name":"Kadr z filmu &#8220;7 days&#8221;"}]}]}},"description":{"rendered":"<p class=\"attachment\"><a href='https:\/\/ownetic.com\/wydarzenia\/wp-content\/uploads\/2010\/09\/warszawski-festiwal-filmowy-7-days.jpeg'><img width=\"1\" height=\"1\" src=\"https:\/\/ownetic.com\/wydarzenia\/wp-content\/uploads\/2010\/09\/warszawski-festiwal-filmowy-7-days.jpeg\" class=\"attachment-medium size-medium\" alt=\"Kadr z filmu &quot;7 days&quot;\" loading=\"lazy\" \/><\/a><\/p>\n<p>OLYMPUS DIGITAL CAMERA<\/p>\n"},"caption":{"rendered":"<p>Kadr z filmu &#8220;7 days&#8221;<\/p>\n"},"alt_text":"Kadr z filmu \"7 days\"","media_type":"image","mime_type":"image\/jpeg","media_details":{},"post":10761,"source_url":"https:\/\/ownetic.com\/wydarzenia\/wp-content\/uploads\/2010\/09\/warszawski-festiwal-filmowy-7-days.jpeg","_links":{"self":[{"href":"https:\/\/ownetic.com\/wydarzenia\/wp-json\/wp\/v2\/media\/10770"}],"collection":[{"href":"https:\/\/ownetic.com\/wydarzenia\/wp-json\/wp\/v2\/media"}],"about":[{"href":"https:\/\/ownetic.com\/wydarzenia\/wp-json\/wp\/v2\/types\/attachment"}],"author":[{"embeddable":true,"href":"https:\/\/ownetic.com\/wydarzenia\/wp-json\/wp\/v2\/users\/34"}],"replies":[{"embeddable":true,"href":"https:\/\/ownetic.com\/wydarzenia\/wp-json\/wp\/v2\/comments?post=10770"}]}}

<!-- This site is optimized with the Yoast SEO plugin v18.7 - https://yoast.com/wordpress/plugins/seo/ -->
<title>Wydarzenia O.pl</title>
<meta name="description" content="Serwis Wydarzenia O.pl to przestrzeń prezentacji najważniejszych wydarzeń z takich dziedzin, jak: sztuka, design, fotografia, film, muzyka, teatr, literatura, historia, taniec, architektura" />
<meta name="robots" content="index, follow, max-snippet:-1, max-image-preview:large, max-video-preview:-1" />
<link rel="canonical" href="https://ownetic.com/wydarzenia/wp-content/uploads/2010/09/warszawski-festiwal-filmowy-7-days.jpeg" />
<meta name="twitter:card" content="summary_large_image" />
<meta name="twitter:title" content="Wydarzenia O.pl" />
<meta name="twitter:description" content="Serwis Wydarzenia O.pl to przestrzeń prezentacji najważniejszych wydarzeń z takich dziedzin, jak: sztuka, design, fotografia, film, muzyka, teatr, literatura, historia, taniec, architektura" />
<meta name="twitter:image" content="https://ownetic.com/wydarzenia/wp-content/uploads/2010/09/warszawski-festiwal-filmowy-7-days.jpeg" />
<script type="application/ld+json" class="yoast-schema-graph">{"@context":"https://schema.org","@graph":[{"@type":"WebSite","@id":"https://ownetic.com/wydarzenia/#website","url":"https://ownetic.com/wydarzenia/","name":"Wydarzenia O.pl","description":"Przestrzeń prezentacji najważniejszych wydarzeń z takich dziedzin, jak: sztuka, design, fotografia, film, muzyka, teatr, literatura, historia, taniec, architektura","potentialAction":[{"@type":"SearchAction","target":{"@type":"EntryPoint","urlTemplate":"https://ownetic.com/wydarzenia/?s={search_term_string}"},"query-input":"required name=search_term_string"}],"inLanguage":"pl-PL"},{"@type":"WebPage","@id":"https://ownetic.com/wydarzenia/wp-content/uploads/2010/09/warszawski-festiwal-filmowy-7-days.jpeg#webpage","url":"https://ownetic.com/wydarzenia/wp-content/uploads/2010/09/warszawski-festiwal-filmowy-7-days.jpeg","name":"Wydarzenia O.pl","isPartOf":{"@id":"https://ownetic.com/wydarzenia/#website"},"datePublished":"2010-09-29T14:11:58+00:00","dateModified":"2010-09-29T14:11:58+00:00","description":"Serwis Wydarzenia O.pl to przestrzeń prezentacji najważniejszych wydarzeń z takich dziedzin, jak: sztuka, design, fotografia, film, muzyka, teatr, literatura, historia, taniec, architektura","breadcrumb":{"@id":"https://ownetic.com/wydarzenia/wp-content/uploads/2010/09/warszawski-festiwal-filmowy-7-days.jpeg#breadcrumb"},"inLanguage":"pl-PL","potentialAction":[{"@type":"ReadAction","target":["https://ownetic.com/wydarzenia/wp-content/uploads/2010/09/warszawski-festiwal-filmowy-7-days.jpeg"]}]},{"@type":"BreadcrumbList","@id":"https://ownetic.com/wydarzenia/wp-content/uploads/2010/09/warszawski-festiwal-filmowy-7-days.jpeg#breadcrumb","itemListElement":[{"@type":"ListItem","position":1,"name":"Strona główna","item":"https://ownetic.com/wydarzenia/"},{"@type":"ListItem","position":2,"name":"26. Warszawski Festiwal Filmowy","item":"https://ownetic.com/wydarzenia/2010/10/26-warszawski-festiwal-filmowy/"},{"@type":"ListItem","position":3,"name":"Kadr z filmu &#8220;7 days&#8221;"}]}]}</script>
<!-- / Yoast SEO plugin. -->

Serwis Wydarzenia O.pl to przestrzeń prezentacji najważniejszych wydarzeń z takich dziedzin, jak: sztuka, design, fotografia, film, muzyka, teatr, literatura, historia, taniec, architektura

Przestrzeń prezentacji najważniejszych wydarzeń z takich dziedzin, jak: sztuka, design, fotografia, film, muzyka, teatr, literatura, historia, taniec, architektura

Strona główna
